5*o - 3. What is s(7)?
11
Let g(z) = 27*z + 6. Give g(-3).
-75
Let c(v) = 6*v**2 - 4*v + 3. Determine c(1).
5
Let s(j) = -18*j - 5. Determine s(-3).
49
Let r(i) = 4*i**3 + 3*i**2 + 2*i. Determine r(-2).
-24
Let r(k) = -2*k - 19. Calculate r(-6).
-7
Let h(d) = -d**2 - 11*d - 21. Give h(-5).
9
Let w(u) = u**3 - 5*u**2 + 3*u + 2. Give w(3).
-7
Let k(v) = -2*v**3 - 2*v**2 + 3*v - 1. What is k(1)?
-2
Let v(a) = -5*a - 5. What is v(1)?
-10
Let r(a) = -a**2 + 10*a - 6. Give r(2).
10
Let x(v) = -8*v - 54. What is x(-6)?
-6
Let k(i) = -2*i**2 + 10*i + 5. What is k(-4)?
-67
Let n(y) = y**2 - 32*y + 57. Determine n(28).
-55
Let c(s) = s**3 - 19*s**2 + 18*s - 18. What is c(18)?
-18
Let i(m) = -15*m**2 - 2*m. Determine i(-2).
-56
Let d(h) = -4*h - 19. Give d(-4).
-3
Let f(z) = -2*z**3 + 23*z**2 - 12*z + 3. What is f(11)?
-8
Let s(l) = -48*l - 78. Give s(-2).
18
Let x(f) = -f**3 - 4*f + 3. Calculate x(2).
-13
Let t(k) = -3*k + 4. Determine t(-14).
46
Let z(r) = 15*r**2 + 2*r - 1. Calculate z(1).
16
Let o(c) = -c**2 + 10*c - 38. What is o(6)?
-14
Let s(i) = -i**2 + 10*i - 16. Determine s(3).
5
Let n(b) = -63*b + 431. Give n(7).
-10
Let p(z) = -z**3 - 25*z**2 - 5*z - 130. Determine p(-25).
-5
Let u(p) = -2*p - 32. Calculate u(-19).
6
Let o(b) = 2*b**3 - 7*b**2 - 15. What is o(4)?
1
Let r(y) = -3*y**3 + 1. Determine r(1).
-2
Let n(j) = 2*j + 4. Calculate n(0).
4
Let l(u) = -u**3 + 11*u**2 - 12*u + 134. Determine l(11).
2
Let d(a) = 25*a - 14. Determine d(3).
61
Let j(x) = 2*x + 1. Determine j(-13).
-25
Let l(t) = -t**3 + 4*t**2 + t - 3. Calculate l(4).
1
Let q(x) = x**2 + 18*x + 9. What is q(-14)?
-47
Let q(u) = u**2 - 6*u - 13. Give q(8).
3
Let p(o) = -o**2 - 5*o. Give p(-4).
4
Let a(w) = -w**3 + 5*w**2 - 4*w + 11. Determine a(5).
-9
Let u(f) = -4*f**2 + 40*f + 10. Calculate u(10).
10
Let q(t) = -2*t**2 + 9*t + 3. Determine q(4).
7
Let w(d) = d**3 + 9*d**2 - 9*d + 1. Calculate w(-10).
-9
Let z(u) = 2*u**3 - 7*u**2 - 3*u + 3. Give z(5).
63
Let d(z) = z**2 + 16*z - 183. What is d(8)?
9
Let v(x) = x**3 - 23*x**2 - 26*x + 47. Calculate v(24).
-1
Let o(v) = v**2 + 3*v - 1. Determine o(-3).
-1
Let c(r) = -2*r**2 + r + 16. Calculate c(-5).
-39
Let l(p) = p**3 + 4*p**2 - 17*p + 10. Determine l(-6).
40
Let m(j) = j**3 + 6*j**2 - 9*j - 16. Calculate m(-7).
-2
Let i(t) = -3*t**3 - 4*t - 3. Give i(-2).
29
Let q(c) = c**3 - 10*c**2 + c - 1. Give q(10).
9
Let a(h) = 2*h + 1. Determine a(-1).
-1
Let w(s) = -34*s + 2. What is w(1)?
-32
Let t(k) = k + 49. Calculate t(0).
49
Let q(g) = 3*g + 8. What is q(-3)?
-1
Let k(i) = -2*i**3 + 16*i**2 + i - 8. Give k(8).
0
Let r(j) = -2*j**3 - 9*j**2 - 3*j + 2. Give r(-4).
-2
Let s(a) = 20*a**2 - 6*a + 6. Calculate s(1).
20
Let z(x) = x**3 - 13*x**2 + 38*x - 21. Give z(9).
-3
Let y(t) = -16*t + 137. Give y(8).
9
Let i(l) = 2*l**3 - 4*l**2 + 4*l + 1. Calculate i(3).
31
Let f(a) = -6*a - 14. Give f(-9).
40
Let v(u) = u**3 + 8*u**2 + 16*u + 35. Calculate v(-7).
-28
Let t(u) = u**3 + 9*u**2 + 7*u + 1. What is t(-6)?
67
Let f(w) = -w**3 - 5*w**2 + 5*w - 9. What is f(-6)?
-3
Let y(n) = n**3 + 15*n**2 - 18*n - 11. Determine y(-16).
21
Let p(h) = h**3 + 25*h**2 + 45*h + 8. Give p(-23).
31
Let k(d) = -2*d + 10. Calculate k(8).
-6
Let k(t) = -t**2 - 10*t - 22. Give k(-8).
-6
Let v(x) = -x**3 + 5*x**2 + 3*x - 4. Give v(6).
-22
Let k(p) = -p**2 + 23*p - 140. Give k(12).
-8
Let u(n) = -59*n - 55. Determine u(-1).
4
Let l(o) = -o**3 + 10*o**2 + o. What is l(10)?
10
Let j(t) = 52*t. Determine j(-1).
-52
Let y(x) = -x**2 + 7*x + 9. Determine y(8).
1
Let i(o) = -5*o - 33. Give i(-2).
-23
Let g(t) = t**2 - 2*t - 25. Calculate g(8).
23
Let t(g) = -7*g**2 + 5*g + 4. Determine t(-3).
-74
Let p(h) = h**3 - 15*h**2 - 34*h + 4. What is p(17)?
4
Let v(d) = -d**3 - 12*d**2 - 25*d + 3. Determine v(-9).
-15
Let f(g) = -g**3 - g**2 - 2*g - 1. Calculate f(-2).
7
Let t(n) = n + 15. Determine t(-8).
7
Let p(m) = m**2 - 6*m + 7. What is p(6)?
7
Let b(f) = 3*f + 28. Calculate b(-4).
16
Let z(x) = 6*x - 16. Calculate z(2).
-4
Let q(z) = -4*z - 43. Calculate q(-17).
25
Let n(x) = -x**3 - 2*x**2 + 2*x + 2. Give n(2).
-10
Let g(s) = -7*s**2 + 8*s + 10. What is g(-3)?
-77
Let n(a) = 5*a**2 + a - 2. What is n(-2)?
16
Let z(a) = 36*a - 33. Determine z(-2).
-105
Let c(g) = -4*g**3 + 9*g**2 + 7*g. Give c(3).
-6
Let l(n) = 26*n**2. What is l(-1)?
26
Let o(i) = i**3 + 11*i**2 - 12*i + 5. Calculate o(-12).
5
Let q(s) = -s**2 - 16*s - 65. Calculate q(-9).
-2
Let f(m) = -21*m - 352. What is f(-17)?
5
Let c(y) = y**2 + 3*y - 40. Calculate c(6).
14
Let y(c) = 166*c - 1331. Determine y(8).
-3
Let z(c) = -c + 25. Determine z(12).
13
Let w(l) = -l**2 - 16*l - 33. What is w(-14)?
-5
Let v(h) = h**3 + 9*h**2 + 5*h - 4. Determine v(-7).
59
Let s(b) = b**3 - 4*b**2 + 2*b + 10. Determine s(5).
45
Let f(b) = b + 13. Determine f(18).
31
Let w(q) = -33*q - 123. Determine w(-4).
9
Let m(z) = -5*z**2 + 25*z - 2. Determine m(5).
-2
Let n(i) = -i**2 + 16*i - 15. What is n(14)?
13
Let m(p) = -7*p - 7. Give m(1).
-14
Let y(x) = -x**2 - 22*x + 68. Give y(-20).
108
Let l(x) = -15*x - 1. Determine l(6).
-91
Let y(o) = o**3 + o**2 + 3*o + 1. Calculate y(-2).
-9
Let x(z) = 8*z + 74. Determine x(-9).
2
Let u(k) = -12*k + 4. Determine u(2).
-20
Let x(o) = -9*o + 13. Give x(5).
-32
Let b(c) = -3*c - 6. Give b(4).
-18
Let g(x) = 3*x - 5. What is g(6)?
13
Let y(j) = 33*j - 963. Give y(29).
-6
Let z(a) = a + 8. Give z(-21).
-13
Let f(o) = o**2 - o - 1. Give f(0).
-1
Let g(v) = -v + 21. Determine g(9).
12
Let x(t) = -58*t - 3. Give x(-1).
55
Let u(q) = 7*q + 4. Give u(-4).
-24
Let b(v) = -v**2 + 2*v + 27. Calculate b(-3).
12
Let c(i) = -i**2 - 18*i + 12. Give c(-13).
77
Let f(w) = w**2 - 6*w + 14. Give f(4).
6
Let m(i) = -16*i - 49. Determine m(-7).
63
Let d(q) = -q + 11. Give d(5).
6
Let g(q) = 2*q**2 - 35*q - 47. Determine g(18).
-29
Let h(d) = -5*d**3 - 109*d**2 + 25*d + 67. What is h(-22)?
1
Let b(f) = f**2 + 5*f - 2. Give b(-6).
4
Let i(c) = c + 11. Determine i(24).
35
Let q(m) = m**3 + 10*m**2 + 3*m + 41. Determine q(-10).
11
Let x(c) = 5*c + 103. Calculate x(-21).
-2
Let s(q) = -6*q**2 - 3*q + 2. Calculate s(1).
-7
Let h(k) = k + 2. Determine h(5).
7
Let a(j) = j**2 - 10*j - 10. Determine a(7).
-31
Let f(j) = -2*j**3 - 46*j**2 + 49*j + 20. Calculate f(-24).
-4
Let w(o) = o**3 - 7*o**2 - 8*o - 4. What is w(8)?
-4
Let b(q) = 5*q + 4. What is b(-1)?
-1
Let x(z) = z**2 - 29*z + 191. Calculate x(11).
-7
Let v(l) = 5*l - 6. Determine v(8).
34
Let q(p) = -2*p**2 + 30*p - 131. Calculate q(5).
-31
Let v(u) = -u**2 + 13*u + 24. What is v(15)?
-6
Let v(g) = g + 2. Give v(-6).
-4
Let l(h) = h**2 + 18*h + 1. Calculate l(-19).
20
Let l(w) = -w**3 + 5*w**2 + 8*w - 14. Give l(7).
-56
Let z(h) = -h**3 - 6*h**2 + 5*h - 11. What is z(-5)?
-61
Let h(z) = -z**3 - 18*z**2 + 11*z + 11. Determine h(-19).
163
Let b(h) = -37*h - 71. What is b(-2)?
3
Let v(i) = i**2 + 9*i - 3. Give v(-8).
-11
Let z(d) = 2*d**3 - 153*d**2 - 79*d + 146. Give z(77).
-8
Let u(n) = -2*n + 18. What is u(4)?
10
Let w(v) = -9*v + 2. Give w(2).
-16
Let a(z) = -z**3 - 4*z**2 - z - 7. What is a(-4)?
-3
Let t(w) = 2*w**2 + 13*w + 10. Calculate t(-6).
4
Let l(v) = -v**3 + 19*v**2 + 63*v + 59. Determine l(22).
-7
Let x(l) = -l**2 - 5*l + 6. Determine x(-7).
-8
Let g(c) = -4*c**2 - c - 1. Determine g(1).
-6
Let u(x) = -2*x**3 - x**2 + x. Calculate u(1).
-2
Let c(j) = -20*j - 17. Calculate c(3).
-77
Let f(z) = z - 71. Determine f(49).
-22
Let t(l) = -3*l - 63. Give t(-25).
12
Let i(h) = -3*h**2 + 9*h - 2. Calculate i(6).
-56
Let w(c) = c**2 + 9*c + 2. Give w(-6).
-16
Let s(t) = t**2 + 15*t - 28. Give s(-14).
-42
Let m(f) = f**3 - f**2 - 3*f - 2. Calculate m(-2).
-8
Let h(x) = 2*x - 1. Give h(-1).
-3
Let z(i) = -i**3 - 5*i**2 + 5*i + 10. Give z(-6).
16
Let w(c) = -5*c**2 - 4*c - 12. Give w(-2).
-24
Let z(l) = l**3 - 4*l**2 + 8*l - 5. Calculate z(4).
27
Let y(c) = 5*c**2 + 13*c - 50. Give y(3).
34
Let k(i) = -25*i - 68. Calculate k(-4).
32
Let x(c) = c**2 + 18*c + 32. What is x(-16)?
0
Let m(n) = n**2 + 6*n - 8. Determine m(-6).
-8
Let r(q) = -8*q + 13. Calculate r(-6).
61
Let f(m) = m**3 + 5*m**2 + 3. Give f(-5).
3
Let i(q) = 11*q - 54. Calculate i(5).
1
Let i(l) = 3*l**2 - 14*l + 17. Calculate i(5).
22
Let w(n) = 4*n - 9. Calculate w(-5).
-29
Let m(p) = 2*p**3 -